alculate the highest common divisor of t and z.
8
Let x be (56/(-49))/((-7)/294). Calculate the greatest common divisor of 1104 and x.
48
Let r(w) = w + 8. Let f be r(-3). Suppose 0 = f*k + 4*d - 965, 0 = -2*k - 0*k - 5*d + 403. Calculate the greatest common divisor of k and 21.
21
Let f be 0/8 - (-12*7 - -3). Calculate the highest common divisor of 405 and f.
81
Let o = 1604 - 1582. Calculate the greatest common factor of 451 and o.
11
Let j be (-447)/(-12) - (15/(-20) - -1). Suppose 5*f + j = 237. What is the greatest common factor of f and 8?
8
Let p(t) = t**3 - 8*t**2 - 10*t + 16. Let j(y) = 9*y**3 - y**2 + 4*y - 3. Let k be j(1). Let w be p(k). Calculate the highest common factor of 7 and w.
7
Suppose -13*c = -375 - 197. What is the greatest common divisor of c and 66?
22
Let z(o) = o**2 + 78*o + 563. Let r be z(-70). Calculate the greatest common divisor of r and 93.
3
Let w(h) = h**2 + 4*h + 2. Suppose k + 3*k - 4 = 3*p, p = 2*k. Let s be w(k). Let u = 3 - s. Calculate the highest common divisor of u and 10.
5
Suppose -3*p - 5*o + 369 = 0, -3*p + o + 283 = -68. Suppose -9*c = p - 433. Calculate the highest common divisor of c and 35.
35
Let q(o) be the first derivative of -o**3/3 - 9*o**2 + 12*o + 5. Let t be q(-16). What is the highest common factor of 4 and t?
4
Suppose -5*o + 205 = 3*g, -3*o + 2*g + 137 = g. What is the highest common factor of o and 40?
4
Let p = 880 + -508. Suppose -4*f + p = -48. Suppose 0 = -2*v - t + 14 + 15, 0 = -3*v - 2*t + 43. Calculate the highest common divisor of f and v.
15
Let m = 39 + -34. Suppose -t - 26 = -m*w, 3*w - t = 8*w - 24. Suppose w*z - 66 = -z. What is the highest common factor of 11 and z?
11
Let z = 16 + -11. Suppose 3*r = z + 19. Let w = -52 + 76. Calculate the greatest common factor of w and r.
8
Suppose -2*p = -4*n - 0*n + 508, 3*p - 246 = -2*n. Let r be 1/2 + 4 + n/12. Let l be (-10)/(-8)*(-24)/(-2). Calculate the highest common factor of r and l.
15
Suppose -110 = -5*o - 0. Let d be o/8 - (-3)/(-4). Suppose d*t = 5*b + 15, -20 = -2*t - b + 5*b. Calculate the highest common divisor of t and 4.
4
Let q be (52/(-6))/((-6990)/(-585) - 12). Calculate the highest common factor of 13 and q.
13
Let a(m) = -2*m**2 + 30*m + 36. Let w be a(16). Calculate the highest common factor of w and 18.
2
Suppose 2*p + 3*w = 21, 9 + 5 = p - 2*w. What is the highest common divisor of p and 96?
12
Let x(s) be the third derivative of s**5/60 - s**4/24 + 2*s**3/3 - 10*s**2. Let g be x(6). What is the highest common divisor of g and 51?
17
Suppose -2*v = -4*l + l - 771, 1865 = 5*v + 5*l. Calculate the greatest common factor of 14 and v.
14
Let v(s) = -s + 16. Let f be v(10). Suppose -43 = -6*g - 31. What is the highest common factor of f and g?
2
Let z be 2/(-4)*0 - (1 - 4). Suppose z*s = 7 + 2. Calculate the greatest common factor of 36 and s.
3
Let n(w) = 2*w**2 - 2. Let d be n(-5). Let g(l) = 7*l**3 - 462*l**2 + l - 18. Let v be g(66). What is the highest common factor of d and v?
48
Suppose 4*b = -0*b + 48. Let s = -1358 - -1466. What is the highest common divisor of s and b?
12
Suppose -83 + 23 = -5*d. Let h be 5/20 + 297/d. Suppose 50 = 2*a - 2*f - 2*f, a + 5*f = 25. Calculate the greatest common divisor of h and a.
25
Let c be 29/((-116)/(-216)) - 11. Calculate the highest common factor of 430 and c.
43
Suppose -28 = -3*y - 5*w, -y - y + 6 = -3*w. Suppose o + 332 = 3*o. Suppose -5*p + 157 = 2*s + s, 3*s - o = 4*p. Calculate the highest common factor of y and s.
6
Let u be 4/12 + 23/3. Let d = 13 - 9. Calculate the highest common divisor of d and u.
4
Let r(d) = -6*d + 7. Let v be r(-5). Let g(q) = 2*q + 68. Let x be g(-22). Let h = v - x. What is the greatest common divisor of h and 65?
13
Suppose 12*h - 10*h - 5*m = 28, 3*h = 4*m + 28. What is the greatest common factor of h and 44?
4
Let c = -124 + 649. Calculate the greatest common divisor of 150 and c.
75
Let i(w) = 2*w**2 + 3*w - 3. Let k be i(-3). Suppose -2*v + 3*j = -5, j = -j - k. Let u be 7/((-13)/(-6) + v). Calculate the highest common factor of 6 and u.
6
Let l(u) = 352*u**2 - 12*u - 12. Let z be l(-1). Let f be 5/25 - 49/(-5). Let j = 22 + f. What is the highest common factor of z and j?
32
Suppose -4*g + 12 = -244. Let d(u) = u**2 - 52*u - 397. Let h be d(59). What is the greatest common divisor of h and g?
16
Let f be ((-22)/4 + 3)*2. Let x(j) = -21*j - 9. Let s be x(f). What is the highest common divisor of s and 12?
12
Let z be 1210 - (0 - -7) - 6/1. Calculate the highest common factor of 126 and z.
63
Suppose -2*u + 17 = 5*x, 3*u - 4*x + 8*x - 29 = 0. Calculate the greatest common factor of 1 and u.
1
Let u be 507 - (3 + (-28)/4). What is the highest common divisor of 73 and u?
73
Let t = -1013 - -1129. Calculate the greatest common factor of t and 8.
4
Suppose 4*j + 6 = -18. Let p be (-50)/(-15) + 1/j*-4. What is the greatest common divisor of p and 20?
4
Suppose -2*d + 20 = d - g, 45 = 5*d - 4*g. Let h(o) = 2*o + 5. Let p = -1 + -1. Let a be h(p). What is the highest common factor of d and a?
1
Let a(g) = g + 11. Let r be a(-9). Suppose 0 = j - 0 - r. Suppose -3*b + 48 = -j*b. What is the highest common divisor of 24 and b?
24
Let x(z) = -z**2 - 12*z - 6. Let b be (-2)/(-7) - 8/28. Suppose b = -0*h - h - 11. Let w be x(h). What is the highest common factor of 40 and w?
5
Suppose 5*t - 3*t - 112 = 0. Suppose -3*r - 338 = -41. Let f = 239 + r. What is the highest common divisor of t and f?
28
Let a(p) = -4*p + 4. Let k be a(-3). Let q(b) = -2 + 9 - 10*b + 9 + 24*b. Let o be q(8). What is the highest common divisor of k and o?
16
Let t = 798 + -655. What is the greatest common factor of 209 and t?
11
Suppose 2*s + 2*v - 22 = -2*s, -35 = -5*s - 4*v. Suppose s*l - 14 = 2*l. Calculate the greatest common factor of 56 and l.
14
Suppose -n = -2*u - 2*u - 4, -u + 3*n = -10. Let m(i) = -10*i**3 - i**2 - i - 3. Let c be m(u). What is the greatest common divisor of 15 and c?
15
Let h(y) = -2*y + 46. Let p be h(9). What is the highest common factor of p and 49?
7
Let w(p) = -12*p + 19. Let d be w(0). Suppose 2*n - 147 = 43. What is the highest common divisor of d and n?
19
Let z = 1296 + -1140. What is the greatest common factor of z and 4?
4
Suppose 0*g = 4*g - 88. Suppose 5*r + a - 55 = 0, 73*r - 5*a - 33 = 70*r. Calculate the greatest common divisor of g and r.
11
Suppose -r - 103 = -2*l, -2*l + 115 = 18*r - 23*r. What is the highest common divisor of 10 and l?
10
Let g = 74 + -69. Let j = g + 6. Let q be (29/2 + 2)*6. What is the greatest common divisor of j and q?
11
Suppose 4 = 4*g, -3*q - 29 + 60 = -5*g. Calculate the highest common divisor of q and 78.
6
Suppose 5*s = -3*s + 40. Suppose -d + 27 = -5*i, -i + 4 = -4*d + 17. Let r be -1 - (-38 - (1 + d)). What is the greatest common divisor of s and r?
5
Let g be (2 + (-48)/20)*-30. Suppose 5*x = -3*k - 3 - g, 4*x = -k - 12. Suppose k = 2*u - 3*u + 77. Calculate the greatest common divisor of u and 11.
11
Let u(i) = 79*i**2 - 80*i**2 + 9 - i**3 - i - i. Let w be u(0). Let j be 0 + 100 - (-2 - -3). Calculate the greatest common divisor of j and w.
9
Suppose -338 = -z - 30. Calculate the highest common factor of 56 and z.
28
Suppose -15 - 13 = -2*y. Suppose -13*i + 6 = -12*i. Suppose 0 = 3*u + 5*h - 67, -2*u - 46 = -i*u + 2*h. Calculate the highest common divisor of u and y.
14
Let t be 40/12*3/(-2). Let w be (-102)/(-30) + 2/t. Suppose 0 = -w*f - 3*h + 6, -4*h = -5*f + 5 + 5. Calculate the highest common factor of 8 and f.
2
Suppose 0 = 7*w - 487 - 66. Suppose -2*l - 3*t + 99 = l, 2*t = 3*l - w. What is the highest common factor of 174 and l?
29
Let p = -119 + 143. Let u = 0 + 8. What is the greatest common divisor of u and p?
8
Let x = -826 + 849. Calculate the highest common divisor of x and 529.
23
Let j(w) = -w**2 + 10*w - 19. Let t be j(3). Suppose s - 3 = 0, -3*p - 5*s + 51 = -t*s. Calculate the greatest common divisor of p and 182.
14
Let f be (28 - 35) + (408 - 1). What is the greatest common divisor of f and 50?
50
Suppose -2 = -3*v + 4*s + 30, 5*v = -4*s + 64. Calculate the highest common divisor of 588 and v.
12
Suppose -4*r - p + 301 = -3*r, 2*r = -3*p + 606. Suppose -4*k + 54 = -2*k + 3*q, 0 = 3*q. What is the highest common factor of r and k?
27
Let a(p) = 2*p**2 - 36*p - 9. 